13) in base 10?
-13183
-9889461 (base 10) to base 13
-208346a
What is 602a7 (base 12) in base 6?
2401531
What is -147030 (base 10) in base 13?
-51c00
What is -333314140 (base 5) in base 4?
-11211111312
Convert -2043026 (base 9) to base 10.
-1091337
42140 (base 10) to base 13
16247
Convert -289cc (base 15) to base 13.
-474cc
What is 111322104 (base 5) in base 13?
144585
-250018 (base 11) to base 10
-395326
-232130122 (base 4) to base 8
-563432
What is 3150532 (base 7) in base 15?
782d7
2111897 (base 10) to base 8
10034631
What is -12010012111 (base 3) in base 11?
-69771
Convert 1023033300 (base 4) to base 6.
10334520
Convert -33200331032 (base 4) to base 6.
-223101222
110010000000001101100100 (base 2) to base 13
293c46c
What is 30506002 (base 7) in base 14?
4a7a72
-21112002202 (base 3) to base 15
-2dd0b
a372cd (base 14) to base 7
64601446
Convert -3d58 (base 16) to base 2.
-11110101011000
What is -26cb5 (base 13) in base 11?
-4a501
What is 10cd2 (base 16) in base 10?
68818
Convert 15d27a (base 16) to base 11.
897536
What is -230a7a (base 11) in base 15?
-73c82
Convert 10010011010100001000 (base 2) to base 5.
123302100
b24c22 (base 15) to base 2
100000010100000001001111
What is 11212b5 (base 12) in base 6?
154133545
What is 930aa (base 11) in base 7?
1104105
Convert 635c9 (base 14) to base 12.
b69a5
Convert 67a113 (base 11) to base 12.
442366
What is -169a4a (base 15) in base 4?
-10023202030
-2020310123 (base 5) to base 4
-33202101122
What is -722a4 (base 14) in base 12?
-113134
What is 207276 (base 8) in base 10?
69310
Convert -11494a7 (base 12) to base 16.
-32df7f
3421216 (base 7) to base 9
717521
Convert 43eb3d (base 15) to base 5.
1312123113
-2477653 (base 9) to base 12
-551756
-c331c (base 15) to base 3
-1011102012000
What is -11100010111011011 (base 2) in base 15?
-2465c
What is 104632156 (base 7) in base 13?
141189a
-12221112011 (base 3) to base 6
-2301434
What is -24201 (base 15) in base 16?
-1c201
What is -5264326 (base 7) in base 16?
-9bb6c
-1611198 (base 10) to base 12
-6584a6
What is -2a9e4 (base 16) in base 8?
-524744
22131332 (base 6) to base 10
665192
Convert 1b517 (base 13) to base 3.
2201111221
What is -331031 (base 7) in base 10?
-57989
What is 10322444 (base 5) in base 10?
89124
217532 (base 11) to base 9
577522
150131 (base 6) to base 2
11011111100111
Convert -14805 (base 10) to base 15.
-45c0
-3046566 (base 7) to base 16
-59166
Convert -117237 (base 8) to base 16.
-9e9f
-ad3c (base 15) to base 10
-36732
Convert 11aa951 (base 11) to base 3.
10221100201012
What is 2b498 (base 15) in base 11?
95824
What is 101011110011011010100101 (base 2) in base 7?
166413343
232326 (base 7) to base 4
22023012
Convert c0435 (base 13) to base 12.
146910
Convert -148937 (base 11) to base 10.
-231392
-5820347 (base 11) to base 14
-14cc5c9
Convert -1104123314 (base 5) to base 14.
-46a964
-23151 (base 11) to base 12
-17438
Convert 26909b8 (base 13) to base 16.
b93e41
-3026124 (base 7) to base 12
-154316
4150210 (base 11) to base 7
116140206
-d3d606 (base 14) to base 5
-3312100224
What is -212615 (base 7) in base 13?
-13ac9
Convert 202010121102 (base 3) to base 9.
663542
5122 (base 7) to base 5
24110
1008286 (base 10) to base 13
293c26
Convert 19cdf0 (base 16) to base 7.
20242244
2a3593 (base 12) to base 15
e0a29
What is -3489491 (base 12) in base 11?
-57a2975
Convert 5071226 (base 8) to base 7.
14250602
-5366c (base 13) to base 8
-445744
Convert -410561 (base 8) to base 4.
-201011301
-140d91 (base 15) to base 8
-3534510
Convert 4021373 (base 10) to base 7.
46116056
Convert 1015373 (base 10) to base 11.
633957
cd061 (base 16) to base 2
11001101000001100001
What is 1047364 (base 8) in base 14?
74c84
-1194050 (base 11) to base 9
-3804153
Convert 18886467 (base 9) to base 13.
1c9b36a
What is 263783 (base 10) in base 7?
2146022
-1100111011100100001 (base 2) to base 15
-85828
Convert 17a775a (base 11) to base 14.
597781
What is -3404010431 (base 5) in base 9?
-15067575
2102330343 (base 5) to base 7
51612345
Convert -4601a (base 15) to base 13.
-7a527
-6006046 (base 7) to base 5
-140123421
Convert -2561 (base 13) to base 16.
-14c6
-113001103 (base 4) to base 9
-153307
-134130151 (base 6) to base 2
-1010010111100001010011
Convert 121043404 (base 5) to base 9.
1051620
What is -8a55 (base 16) in base 5?
-2113123
31bfc7 (base 16) to base 11
1927613
What is 93054 (base 11) in base 13?
49a8a
482c5 (base 14) to base 13
62265
What is 4306 (base 16) in base 15?
513d
201113203 (base 5) to base 12
3276a5
What is -75895d (base 14) in base 10?
-3980647
-49e54a (base 15) to base 2
-1101100000101001000010
aba6a (base 12) to base 9
376541
Convert 10111001101011011 (base 2) to base 9.
154360
Convert 154b20 (base 14) to base 9.
1352256
Convert 10011011000010110011 (base 2) to base 7.
5253325
-5b3a15 (base 12) to base 6
-51410425
What is 1101100110000000 (base 2) in base 7?
321222
-7a2384 (base 14) to base 2
-1111110110011011110000
Convert 3cc65 (base 14) to base 12.
731b5
207464 (base 11) to base 5
41110343
10000100001 (base 3) to base 8
163635
Convert 18b757 (base 15) to base 3.
2021010102101
-1a5c21 (base 14) to base 8
-3450145
-1100010010010001100110 (base 2) to base 16
-312466
101120222221 (base 4) to base 12
1639521
What is 27877b (base 12) in base 2?
10100000100101001111
What is 432521 (base 10) in base 9?
728268
Convert 27756442 (base 8) to base 10.
6282530
What is 10405422 (base 7) in base 11?
55a774
-3122303013 (base 4) to base 3
-1200112100120
Convert -4bab8 (base 12) to base 14.
-29a32
Convert -136a23 (base 12) to base 2.
-1001110110100111011
Convert -1267571 (base 10) to base 7.
-13526354
2c570 (base 16) to base 14
4a288
16331647 (base 8) to base 5
1432002133
Convert 4143404 (base 5) to base 12.
33850
What is 12020010021 (base 3) in base 11?
70325
20111001 (base 5) to base 2
100111000101111110
3575846 (base 10) to base 12
1245432
What is 3a2625 (base 13) in base 11?
87a5a8
What is -23a6525 (base 11) in base 16?
-3fcd37
Convert -4705141 (base 8) to base 9.
-2361588
Convert 5043042 (base 7) to base 3.
1010102112210
1164551 (base 7) to base 4
210233303
What is 1101113201 (base 4) in base 12?
140a55
What is 14dc48 (base 14) in base 11?
459161
Convert -100000111111001001010001 (base 2) to base 5.
-4203202444
Convert 1211440 (base 5) to base 13.
a478
Convert -50868 (base 15) to base 8.
-762057
Convert 30122230332 (base 4) to base 13.
89c7c6
-1872048 (base 9) to base 12
-428452
What is -23115 (base 12) in base 9?
-71188
13b0d (base 16) to base 7
454066
Convert 42111 (base 12) to base 11.
5a039
What is -1213324201 (base 5) in base 10?
-2870551
-1c36d (base 16) to base 2
-11100001101101101
What is -29c477 (base 13) in base 5?
-230324043
What is -42224 (base 16) in base 11?
-175579
1520300 (base 9) to base 2
11001101000101110011
Convert -1532a5 (base 13) to base 4.
-1333033022
Convert 94aa7a (base 13) to base 4.
31101201122
15ab3cc (base 13) to base 7
113305605
1011101101100110111010 (base 2) to base 10
3070394
What is 1026020 (base 8) in base 7?
2216104
-43714 (base 9) to base 13
-10288
4660926 (base 12) to base 4
303233030232
Convert 15024425 (base 6) to base 2.
1111110001011100001
10010111111110010100000 (base 2) to base 14
938b72
What is -36435867 (base 9) in base 4?
-1003321022122
Convert -2412052 (base 6) to base 2.
-11110110011100000
Convert -132313032322 (base 4) to base 7.
-125524423
What is -123550444 (base 6) in base 2?
-1001010000000010011100
What is 13331443 (base 5) in base 3?
20221020111
Convert -197b18 (base 13) to base 11.
-401060
-44a205 (base 11) to base 8
-2567045
Convert 10220102211202 (base 3) to base 8.
7725324
90297 (base 15) to base 4
1233120121
Convert 125bd (base 14) to base 5.
2420201
Convert -356116 (base 8) to base 12.
-5a692
Convert -2101453 (base 13) to base 8.
-46201514
Convert -135215444 (base 7) to base 8.
-41633701
110672 (base 9) to base 3
10100202102
-717ba (base 12) to base 6
-3101154
What is 2325210 (base 7) in base 5?
33323331
What is 33131202032 (base 4) in base 8?
17354216
What is -501781 (base 9) in base 4?
-1020122212
What is -42355a (base 11) in base 6?
-22311325
What is -3630140 (base 7) in base 15?
-9192e
1c0741 (base 14) to base 15
14b580
1854a67 (base 11) to base 8
13764305
What is 65736462 (base 8) in base 14?
1c408